{"version":"1.0","provider_name":"El Mundo MAPFRE","provider_url":"https:\/\/www.elmundodemapfre.com\/pt-br\/","author_name":"El Mundo MAPFRE","author_url":"https:\/\/www.elmundodemapfre.com\/pt-br\/author\/sucedaneo\/","title":"GLOBAL YOUTH LEADERSHIP FORUM - El Mundo MAPFRE","type":"rich","width":600,"height":338,"html":"<blockquote class=\"wp-embedded-content\" data-secret=\"uX5KWvWgzn\"><a href=\"https:\/\/www.elmundodemapfre.com\/pt-br\/2017\/12\/27\/global-youth-leadership-forum\/\">GLOBAL YOUTH LEADERSHIP FORUM<\/a><\/blockquote><iframe sandbox=\"allow-scripts\" security=\"restricted\" src=\"https:\/\/www.elmundodemapfre.com\/pt-br\/2017\/12\/27\/global-youth-leadership-forum\/embed\/#?secret=uX5KWvWgzn\" width=\"600\" height=\"338\" title=\"&#8220;GLOBAL YOUTH LEADERSHIP FORUM&#8221; &#8212; El Mundo MAPFRE\" data-secret=\"uX5KWvWgzn\" frameborder=\"0\" marginwidth=\"0\" marginheight=\"0\" scrolling=\"no\" class=\"wp-embedded-content\"><\/iframe><script type=\"text\/javascript\">\n\/* <![CDATA[ *\/\n\/*! This file is auto-generated *\/\n!function(d,l){\"use strict\";l.querySelector&&d.addEventListener&&\"undefined\"!=typeof URL&&(d.wp=d.wp||{},d.wp.receiveEmbedMessage||(d.wp.receiveEmbedMessage=function(e){var t=e.data;if((t||t.secret||t.message||t.value)&&!\/[^a-zA-Z0-9]\/.test(t.secret)){for(var s,r,n,a=l.querySelectorAll('iframe[data-secret=\"'+t.secret+'\"]'),o=l.querySelectorAll('blockquote[data-secret=\"'+t.secret+'\"]'),c=new RegExp(\"^https?:$\",\"i\"),i=0;i<o.length;i++)o[i].style.display=\"none\";for(i=0;i<a.length;i++)s=a[i],e.source===s.contentWindow&&(s.removeAttribute(\"style\"),\"height\"===t.message?(1e3<(r=parseInt(t.value,10))?r=1e3:~~r<200&&(r=200),s.height=r):\"link\"===t.message&&(r=new URL(s.getAttribute(\"src\")),n=new URL(t.value),c.test(n.protocol))&&n.host===r.host&&l.activeElement===s&&(d.top.location.href=t.value))}},d.addEventListener(\"message\",d.wp.receiveEmbedMessage,!1),l.addEventListener(\"DOMContentLoaded\",function(){for(var e,t,s=l.querySelectorAll(\"iframe.wp-embedded-content\"),r=0;r<s.length;r++)(t=(e=s[r]).getAttribute(\"data-secret\"))||(t=Math.random().toString(36).substring(2,12),e.src+=\"#?secret=\"+t,e.setAttribute(\"data-secret\",t)),e.contentWindow.postMessage({message:\"ready\",secret:t},\"*\")},!1)))}(window,document);\n\/\/# sourceURL=https:\/\/www.elmundodemapfre.com\/wp-includes\/js\/wp-embed.min.js\n\/* ]]> *\/\n<\/script>\n","description":"Jos\u00e9 Manuel Inchausti, CEO da MAPFRE IBERIA, participou do evento realizado na cidade de Santander. Em sua palestra \u201cOs principais desafios para as companhias globais no s\u00e9culo XXI\u201d, compartilhou alguns pensamentos sobre as mudan\u00e7as que est\u00e3o acontecendo no panorama internacional. O CEO referiu-se \u00e0 digitaliza\u00e7\u00e3o como o motor da transforma\u00e7\u00e3o global atual, bem como uma [&hellip;]"}

José Manuel Inchausti, CEO da MAPFRE IBERIA, participou do evento realizado na cidade de Santander. Em sua palestra “Os principais desafios para as companhias globais no século XXI”, compartilhou alguns pensamentos sobre as mudanças que estão acontecendo no panorama internacional. O CEO referiu-se à digitalização como o motor da transformação global atual, bem como uma [&hellip;]
