{"version":"1.0","provider_name":"El Mundo MAPFRE","provider_url":"https:\/\/www.elmundodemapfre.com\/pt-br\/","author_name":"El Mundo MAPFRE","author_url":"https:\/\/www.elmundodemapfre.com\/pt-br\/author\/sucedaneo\/","title":"PR\u00d3XIMAS EXPOSI\u00c7\u00d5ES EM MADRI E BARCELONA - El Mundo MAPFRE","type":"rich","width":600,"height":338,"html":"<blockquote class=\"wp-embedded-content\" data-secret=\"17xZXzfmS9\"><a href=\"https:\/\/www.elmundodemapfre.com\/pt-br\/2017\/12\/26\/proximas-exposiciones-madrid-barcelona-2\/\">PR\u00d3XIMAS EXPOSI\u00c7\u00d5ES EM MADRI E BARCELONA<\/a><\/blockquote><iframe sandbox=\"allow-scripts\" security=\"restricted\" src=\"https:\/\/www.elmundodemapfre.com\/pt-br\/2017\/12\/26\/proximas-exposiciones-madrid-barcelona-2\/embed\/#?secret=17xZXzfmS9\" width=\"600\" height=\"338\" title=\"&#8220;PR\u00d3XIMAS EXPOSI\u00c7\u00d5ES EM MADRI E BARCELONA&#8221; &#8212; El Mundo MAPFRE\" data-secret=\"17xZXzfmS9\" frameborder=\"0\" marginwidth=\"0\" marginheight=\"0\" scrolling=\"no\" class=\"wp-embedded-content\"><\/iframe><script type=\"text\/javascript\">\n\/* <![CDATA[ *\/\n\/*! This file is auto-generated *\/\n!function(d,l){\"use strict\";l.querySelector&&d.addEventListener&&\"undefined\"!=typeof URL&&(d.wp=d.wp||{},d.wp.receiveEmbedMessage||(d.wp.receiveEmbedMessage=function(e){var t=e.data;if((t||t.secret||t.message||t.value)&&!\/[^a-zA-Z0-9]\/.test(t.secret)){for(var s,r,n,a=l.querySelectorAll('iframe[data-secret=\"'+t.secret+'\"]'),o=l.querySelectorAll('blockquote[data-secret=\"'+t.secret+'\"]'),c=new RegExp(\"^https?:$\",\"i\"),i=0;i<o.length;i++)o[i].style.display=\"none\";for(i=0;i<a.length;i++)s=a[i],e.source===s.contentWindow&&(s.removeAttribute(\"style\"),\"height\"===t.message?(1e3<(r=parseInt(t.value,10))?r=1e3:~~r<200&&(r=200),s.height=r):\"link\"===t.message&&(r=new URL(s.getAttribute(\"src\")),n=new URL(t.value),c.test(n.protocol))&&n.host===r.host&&l.activeElement===s&&(d.top.location.href=t.value))}},d.addEventListener(\"message\",d.wp.receiveEmbedMessage,!1),l.addEventListener(\"DOMContentLoaded\",function(){for(var e,t,s=l.querySelectorAll(\"iframe.wp-embedded-content\"),r=0;r<s.length;r++)(t=(e=s[r]).getAttribute(\"data-secret\"))||(t=Math.random().toString(36).substring(2,12),e.src+=\"#?secret=\"+t,e.setAttribute(\"data-secret\",t)),e.contentWindow.postMessage({message:\"ready\",secret:t},\"*\")},!1)))}(window,document);\n\/\/# sourceURL=https:\/\/www.elmundodemapfre.com\/wp-includes\/js\/wp-embed.min.js\n\/* ]]> *\/\n<\/script>\n","thumbnail_url":"https:\/\/www.elmundodemapfre.com\/wp-content\/uploads\/2017\/12\/13.png","thumbnail_width":700,"thumbnail_height":451,"description":"ESTE ANO\u00a0IR\u00c1 COME\u00c7AR\u00a0COM TR\u00caS\u00a0EXPOSI\u00c7\u00d5ES NAS\u00a0SALAS EM MADRI\u00a0E EM BARCELONA,\u00a0REPRESENTANDO,\u00a0UMA VEZ MAIS,\u00a0UM ENCONTRO\u00a0IMPERD\u00cdVEL COM\u00a0A ARTE No dia 25 de janeiro, ser\u00e1 inaugurada, na Sala B\u00e1rbara de Braganza em Madri, uma extensa retrospectiva do trabalho fotogr\u00e1fico e cinematogr\u00e1fico de ED VAN DER ELSKEN (1925-1990), considerado o fot\u00f3grafo holand\u00eas mais importante do s\u00e9culo XX. A exposi\u00e7\u00e3o DERAIN, BALTHUS, [&hellip;]"}

PRÓXIMAS EXPOSIÇÕES EM MADRI E BARCELONA - El Mundo MAPFRE

<blockquote class="wp-embedded-content" data-secret="17xZXzfmS9"><a href="https://www.elmundodemapfre.com/pt-br/2017/12/26/proximas-exposiciones-madrid-barcelona-2/">PRÓXIMAS EXPOSIÇÕES EM MADRI E BARCELONA</a></blockquote><iframe sandbox="allow-scripts" security="restricted" src="https://www.elmundodemapfre.com/pt-br/2017/12/26/proximas-exposiciones-madrid-barcelona-2/embed/#?secret=17xZXzfmS9" width="600" height="338" title="&#8220;PRÓXIMAS EXPOSIÇÕES EM MADRI E BARCELONA&#8221; &#8212; El Mundo MAPFRE" data-secret="17xZXzfmS9" frameborder="0" marginwidth="0" marginheight="0" scrolling="no" class="wp-embedded-content"></iframe><script type="text/javascript">
/* <![CDATA[ */
/*! This file is auto-generated */
!function(d,l){"use strict";l.querySelector&&d.addEventListener&&"undefined"!=typeof URL&&(d.wp=d.wp||{},d.wp.receiveEmbedMessage||(d.wp.receiveEmbedMessage=function(e){var t=e.data;if((t||t.secret||t.message||t.value)&&!/[^a-zA-Z0-9]/.test(t.secret)){for(var s,r,n,a=l.querySelectorAll('iframe[data-secret="'+t.secret+'"]'),o=l.querySelectorAll('blockquote[data-secret="'+t.secret+'"]'),c=new RegExp("^https?:$","i"),i=0;i<o.length;i++)o[i].style.display="none";for(i=0;i<a.length;i++)s=a[i],e.source===s.contentWindow&&(s.removeAttribute("style"),"height"===t.message?(1e3<(r=parseInt(t.value,10))?r=1e3:~~r<200&&(r=200),s.height=r):"link"===t.message&&(r=new URL(s.getAttribute("src")),n=new URL(t.value),c.test(n.protocol))&&n.host===r.host&&l.activeElement===s&&(d.top.location.href=t.value))}},d.addEventListener("message",d.wp.receiveEmbedMessage,!1),l.addEventListener("DOMContentLoaded",function(){for(var e,t,s=l.querySelectorAll("iframe.wp-embedded-content"),r=0;r<s.length;r++)(t=(e=s[r]).getAttribute("data-secret"))||(t=Math.random().toString(36).substring(2,12),e.src+="#?secret="+t,e.setAttribute("data-secret",t)),e.contentWindow.postMessage({message:"ready",secret:t},"*")},!1)))}(window,document);
//# sourceURL=https://www.elmundodemapfre.com/wp-includes/js/wp-embed.min.js
/* ]]> */
</script>

ESTE ANO IRÁ COMEÇAR COM TRÊS EXPOSIÇÕES NAS SALAS EM MADRI E EM BARCELONA, REPRESENTANDO, UMA VEZ MAIS, UM ENCONTRO IMPERDÍVEL COM A ARTE No dia 25 de janeiro, será inaugurada, na Sala Bárbara de Braganza em Madri, uma extensa retrospectiva do trabalho fotográfico e cinematográfico de ED VAN DER ELSKEN (1925-1990), considerado o fotógrafo holandês mais importante do século XX. A exposição DERAIN, BALTHUS, [&hellip;]
